{"id":526,"date":"2020-04-15T18:40:34","date_gmt":"2020-04-15T18:40:34","guid":{"rendered":"http:\/\/petersheizungsbau.de\/?page_id=526"},"modified":"2025-06-11T08:09:48","modified_gmt":"2025-06-11T08:09:48","slug":"ueber-uns","status":"publish","type":"page","link":"https:\/\/petersheizungsbau.de\/?page_id=526","title":{"rendered":"Firmengeschichte"},"content":{"rendered":"\t\t<div data-elementor-type=\"wp-post\" data-elementor-id=\"526\" class=\"elementor elementor-526\">\n\t\t\t\t\t\t<section class=\"elementor-section elementor-top-section elementor-element elementor-element-6439f777 elementor-section-height-min-height elementor-section-boxed elementor-section-height-default elementor-section-items-middle\" data-id=\"6439f777\" data-element_type=\"section\" data-settings=\"{&quot;background_background&quot;:&quot;classic&quot;,&quot;animation&quot;:&quot;none&quot;}\">\n\t\t\t\t\t\t\t<div class=\"elementor-background-overlay\"><\/div>\n\t\t\t\t\t\t\t<div class=\"elementor-container elementor-column-gap-no\">\n\t\t\t\t\t<div class=\"elementor-column elementor-col-50 elementor-top-column elementor-element elementor-element-721834db\" data-id=\"721834db\" data-element_type=\"column\">\n\t\t\t<div class=\"elementor-widget-wrap elementor-element-populated\">\n\t\t\t\t\t\t<div class=\"elementor-element elementor-element-77a0e14a elementor-invisible elementor-widget elementor-widget-heading\" data-id=\"77a0e14a\" data-element_type=\"widget\" data-settings=\"{&quot;_animation&quot;:&quot;fadeInDown&quot;}\" data-widget_type=\"heading.default\">\n\t\t\t\t<div class=\"elementor-widget-container\">\n\t\t\t\t\t<h3 class=\"elementor-heading-title elementor-size-default\">Herzlich Willkommen bei<\/h3>\t\t\t\t<\/div>\n\t\t\t\t<\/div>\n\t\t\t\t<div class=\"elementor-element elementor-element-51526fcc elementor-invisible elementor-widget elementor-widget-heading\" data-id=\"51526fcc\" data-element_type=\"widget\" data-settings=\"{&quot;_animation&quot;:&quot;fadeInUp&quot;}\" data-widget_type=\"heading.default\">\n\t\t\t\t<div class=\"elementor-widget-container\">\n\t\t\t\t\t<h1 class=\"elementor-heading-title elementor-size-default\">Sanit\u00e4r- und Heizungstechnik<br> Jens Peters<\/h1>\t\t\t\t<\/div>\n\t\t\t\t<\/div>\n\t\t\t\t<div class=\"elementor-element elementor-element-556894f3 elementor-invisible elementor-widget elementor-widget-text-editor\" data-id=\"556894f3\" data-element_type=\"widget\" data-settings=\"{&quot;_animation&quot;:&quot;fadeInUp&quot;}\" data-widget_type=\"text-editor.default\">\n\t\t\t\t<div class=\"elementor-widget-container\">\n\t\t\t\t\t\t\t\t\t<p><span style=\"font-family: Arial;\">Ihr Fachbetrieb f\u00fcr individuelle L\u00f6sungen<\/span><\/p>\t\t\t\t\t\t\t\t<\/div>\n\t\t\t\t<\/div>\n\t\t\t\t<section class=\"elementor-section elementor-inner-section elementor-element elementor-element-6c2146fb elementor-section-content-top elementor-section-boxed elementor-section-height-default elementor-section-height-default elementor-invisible\" data-id=\"6c2146fb\" data-element_type=\"section\" data-settings=\"{&quot;animation&quot;:&quot;zoomIn&quot;}\">\n\t\t\t\t\t\t<div class=\"elementor-container elementor-column-gap-no\">\n\t\t\t\t\t<div class=\"elementor-column elementor-col-50 elementor-inner-column elementor-element elementor-element-419983c3\" data-id=\"419983c3\" data-element_type=\"column\">\n\t\t\t<div class=\"elementor-widget-wrap elementor-element-populated\">\n\t\t\t\t\t\t<div class=\"elementor-element elementor-element-13f49c09 elementor-align-left elementor-mobile-align-center elementor-widget elementor-widget-button\" data-id=\"13f49c09\" data-element_type=\"widget\" data-widget_type=\"button.default\">\n\t\t\t\t<div class=\"elementor-widget-container\">\n\t\t\t\t\t\t\t\t\t<div class=\"elementor-button-wrapper\">\n\t\t\t\t\t<a class=\"elementor-button elementor-button-link elementor-size-sm\" href=\"http:\/\/petersheizungsbau.de\/?page_id=593\">\n\t\t\t\t\t\t<span class=\"elementor-button-content-wrapper\">\n\t\t\t\t\t\t\t\t\t<span class=\"elementor-button-text\">Erfahre mehr...<\/span>\n\t\t\t\t\t<\/span>\n\t\t\t\t\t<\/a>\n\t\t\t\t<\/div>\n\t\t\t\t\t\t\t\t<\/div>\n\t\t\t\t<\/div>\n\t\t\t\t\t<\/div>\n\t\t<\/div>\n\t\t\t\t<div class=\"elementor-column elementor-col-50 elementor-inner-column elementor-element elementor-element-5e3efdf8\" data-id=\"5e3efdf8\" data-element_type=\"column\">\n\t\t\t<div class=\"elementor-widget-wrap elementor-element-populated\">\n\t\t\t\t\t\t<div class=\"elementor-element elementor-element-22408932 elementor-align-left elementor-mobile-align-center elementor-invisible elementor-widget elementor-widget-button\" data-id=\"22408932\" data-element_type=\"widget\" data-settings=\"{&quot;_animation&quot;:&quot;fadeIn&quot;}\" data-widget_type=\"button.default\">\n\t\t\t\t<div class=\"elementor-widget-container\">\n\t\t\t\t\t\t\t\t\t<div class=\"elementor-button-wrapper\">\n\t\t\t\t\t<a class=\"elementor-button elementor-button-link elementor-size-sm\" href=\"http:\/\/petersheizungsbau.de\/?page_id=151\">\n\t\t\t\t\t\t<span class=\"elementor-button-content-wrapper\">\n\t\t\t\t\t\t\t\t\t<span class=\"elementor-button-text\">Kontakt<\/span>\n\t\t\t\t\t<\/span>\n\t\t\t\t\t<\/a>\n\t\t\t\t<\/div>\n\t\t\t\t\t\t\t\t<\/div>\n\t\t\t\t<\/div>\n\t\t\t\t\t<\/div>\n\t\t<\/div>\n\t\t\t\t\t<\/div>\n\t\t<\/section>\n\t\t\t\t\t<\/div>\n\t\t<\/div>\n\t\t\t\t<div class=\"elementor-column elementor-col-50 elementor-top-column elementor-element elementor-element-58c5349c\" data-id=\"58c5349c\" data-element_type=\"column\">\n\t\t\t<div class=\"elementor-widget-wrap\">\n\t\t\t\t\t\t\t<\/div>\n\t\t<\/div>\n\t\t\t\t\t<\/div>\n\t\t<\/section>\n\t\t\t\t<section class=\"elementor-section elementor-top-section elementor-element elementor-element-3dbd4598 elementor-section-boxed elementor-section-height-default elementor-section-height-default\" data-id=\"3dbd4598\" data-element_type=\"section\" data-settings=\"{&quot;background_background&quot;:&quot;classic&quot;}\">\n\t\t\t\t\t\t<div class=\"elementor-container elementor-column-gap-default\">\n\t\t\t\t\t<div class=\"elementor-column elementor-col-100 elementor-top-column elementor-element elementor-element-27f3bd\" data-id=\"27f3bd\" data-element_type=\"column\">\n\t\t\t<div class=\"elementor-widget-wrap elementor-element-populated\">\n\t\t\t\t\t\t<section class=\"elementor-section elementor-inner-section elementor-element elementor-element-559645b elementor-section-boxed elementor-section-height-default elementor-section-height-default\" data-id=\"559645b\" data-element_type=\"section\">\n\t\t\t\t\t\t<div class=\"elementor-container elementor-column-gap-default\">\n\t\t\t\t\t<div class=\"elementor-column elementor-col-100 elementor-inner-column elementor-element elementor-element-90d9c1f\" data-id=\"90d9c1f\" data-element_type=\"column\">\n\t\t\t<div class=\"elementor-widget-wrap elementor-element-populated\">\n\t\t\t\t\t\t<div class=\"elementor-element elementor-element-f0b912b elementor-invisible elementor-widget elementor-widget-heading\" data-id=\"f0b912b\" data-element_type=\"widget\" data-settings=\"{&quot;_animation&quot;:&quot;fadeInDown&quot;}\" data-widget_type=\"heading.default\">\n\t\t\t\t<div class=\"elementor-widget-container\">\n\t\t\t\t\t<span class=\"elementor-heading-title elementor-size-default\">UNSERE FIRMENGESCHICHTE<\/span>\t\t\t\t<\/div>\n\t\t\t\t<\/div>\n\t\t\t\t<div class=\"elementor-element elementor-element-eb6b651 elementor-widget-divider--view-line elementor-invisible elementor-widget elementor-widget-divider\" data-id=\"eb6b651\" data-element_type=\"widget\" data-settings=\"{&quot;_animation&quot;:&quot;fadeInDown&quot;}\" data-widget_type=\"divider.default\">\n\t\t\t\t<div class=\"elementor-widget-container\">\n\t\t\t\t\t\t\t<div class=\"elementor-divider\">\n\t\t\t<span class=\"elementor-divider-separator\">\n\t\t\t\t\t\t<\/span>\n\t\t<\/div>\n\t\t\t\t\t\t<\/div>\n\t\t\t\t<\/div>\n\t\t\t\t<div class=\"elementor-element elementor-element-488486a elementor-invisible elementor-widget elementor-widget-text-editor\" data-id=\"488486a\" data-element_type=\"widget\" data-settings=\"{&quot;_animation&quot;:&quot;fadeInDown&quot;}\" data-widget_type=\"text-editor.default\">\n\t\t\t\t<div class=\"elementor-widget-container\">\n\t\t\t\t\t\t\t\t\t<p align=\"justify\"><span style=\"font-family: Arial; font-size: small;\"> <img decoding=\"async\" class=\"alignleft wp-image-554 size-full\" src=\"http:\/\/petersheizungsbau.de\/wp-content\/uploads\/2020\/08\/geschichte1.jpg\" alt=\"\" width=\"250\" height=\"152\" \/> 1878 war es, als der erste Firmeninhaber E.A. Grilk im Hause des Friseurs Stamp am Kn\u00f6ll seinen Betrieb er\u00f6ffnete. Bald aber reichten die Betriebsr\u00e4ume nicht mehr aus, so dass 1890 ein Umzug in die Hauptstra\u00dfe erfolgte. Dieses Haus wurde 1897 durch einen Neubau ersetzt.<\/span><\/p><p align=\"justify\"><span style=\"font-family: Arial; font-size: small;\"> <img decoding=\"async\" class=\"alignright wp-image-555 size-full\" src=\"http:\/\/petersheizungsbau.de\/wp-content\/uploads\/2020\/08\/geschichte2.jpg\" alt=\"\" width=\"180\" height=\"184\" \/>Den einzigen Sohn, der einmal Nachfolger werden sollte, verlor der Inhaber durch einen fr\u00fchen Tod, so dass es ihm nicht erspart blieb, bis ins hohe Alter t\u00e4tig zu sein.<\/span><\/p><p align=\"justify\"><span style=\"font-family: Arial; font-size: small;\"> Oskar Biebau, der mit der Enkelin verheiratet war, \u00fcbernahm 1927 das Gesch\u00e4ft. W\u00e4hrend schon fr\u00fcher die Arbeiten weit \u00fcber den Kirchspiel Tellingstedt hinaus sehr gesch\u00e4tzt wurden, konnte der jetzige Inhaber auf Grund seines pers\u00f6nlichen Einsatzes den Betrieb erweitern, so dass er durchschnittlich 7 Angestellte besch\u00e4ftigte.<\/span><\/p>\t\t\t\t\t\t\t\t<\/div>\n\t\t\t\t<\/div>\n\t\t\t\t\t<\/div>\n\t\t<\/div>\n\t\t\t\t\t<\/div>\n\t\t<\/section>\n\t\t\t\t<section class=\"elementor-section elementor-inner-section elementor-element elementor-element-1990478 elementor-section-boxed elementor-section-height-default elementor-section-height-default\" data-id=\"1990478\" data-element_type=\"section\">\n\t\t\t\t\t\t<div class=\"elementor-container elementor-column-gap-default\">\n\t\t\t\t\t<div class=\"elementor-column elementor-col-50 elementor-inner-column elementor-element elementor-element-764191f\" data-id=\"764191f\" data-element_type=\"column\">\n\t\t\t<div class=\"elementor-widget-wrap elementor-element-populated\">\n\t\t\t\t\t\t<div class=\"elementor-element elementor-element-65103dd elementor-invisible elementor-widget elementor-widget-text-editor\" data-id=\"65103dd\" data-element_type=\"widget\" data-settings=\"{&quot;_animation&quot;:&quot;fadeInDown&quot;}\" data-widget_type=\"text-editor.default\">\n\t\t\t\t<div class=\"elementor-widget-container\">\n\t\t\t\t\t\t\t\t\t<p align=\"justify\"><img decoding=\"async\" class=\"alignleft wp-image-557 size-full\" src=\"http:\/\/petersheizungsbau.de\/wp-content\/uploads\/2020\/08\/geschichte6.jpg\" alt=\"\" width=\"180\" height=\"253\" \/><span style=\"font-family: Arial; font-size: small;\">Am 3. April 1961 \u00fcbernahm der Klempner- und Installateurmeister Helmut Sch\u00f6r den Betrieb.<\/span><\/p><p align=\"justify\"><span style=\"font-family: Arial; font-size: small;\">Der langj\u00e4hrige Mitarbeiter Walter Peters \u00fcbernahm am 01. August 1982 den Sanit\u00e4r- und Heizungsbaubetrieb von Helmut Sch\u00f6r und f\u00fchrte ihn in Rederstall erfolgreich weiter.<\/span><\/p><p align=\"justify\"><span style=\"font-family: Arial; font-size: small;\">Im November 1999 legte Jens Peters vor der Handwerkskammer in Bielefeld seine Meisterpr\u00fcfung zum Installateur- und Heizungsbauermeister ab.<\/span><\/p><p align=\"justify\"><span style=\"font-family: Arial; font-size: small;\">Am 1. April 2000 wurde der Betrieb von Walter Peters an mich, seinen Sohn Jens Peters, \u00fcbergeben.<\/span><\/p>\t\t\t\t\t\t\t\t<\/div>\n\t\t\t\t<\/div>\n\t\t\t\t\t<\/div>\n\t\t<\/div>\n\t\t\t\t<div class=\"elementor-column elementor-col-50 elementor-inner-column elementor-element elementor-element-69e42d3\" data-id=\"69e42d3\" data-element_type=\"column\">\n\t\t\t<div class=\"elementor-widget-wrap elementor-element-populated\">\n\t\t\t\t\t\t<div class=\"elementor-element elementor-element-d2f3f3c elementor-invisible elementor-widget elementor-widget-text-editor\" data-id=\"d2f3f3c\" data-element_type=\"widget\" data-settings=\"{&quot;_animation&quot;:&quot;fadeInDown&quot;}\" data-widget_type=\"text-editor.default\">\n\t\t\t\t<div class=\"elementor-widget-container\">\n\t\t\t\t\t\t\t\t\t<p align=\"justify\"><img loading=\"lazy\" decoding=\"async\" class=\"alignnone wp-image-558 size-full\" src=\"http:\/\/petersheizungsbau.de\/wp-content\/uploads\/2020\/08\/preisliste.jpg\" alt=\"\" width=\"500\" height=\"156\" srcset=\"https:\/\/petersheizungsbau.de\/wp-content\/uploads\/2020\/08\/preisliste.jpg 500w, https:\/\/petersheizungsbau.de\/wp-content\/uploads\/2020\/08\/preisliste-300x94.jpg 300w\" sizes=\"(max-width: 500px) 100vw, 500px\" \/><\/p>\t\t\t\t\t\t\t\t<\/div>\n\t\t\t\t<\/div>\n\t\t\t\t\t<\/div>\n\t\t<\/div>\n\t\t\t\t\t<\/div>\n\t\t<\/section>\n\t\t\t\t<section class=\"elementor-section elementor-inner-section elementor-element elementor-element-f643b62 elementor-section-boxed elementor-section-height-default elementor-section-height-default\" data-id=\"f643b62\" data-element_type=\"section\">\n\t\t\t\t\t\t<div class=\"elementor-container elementor-column-gap-default\">\n\t\t\t\t\t<div class=\"elementor-column elementor-col-100 elementor-inner-column elementor-element elementor-element-b0bc800\" data-id=\"b0bc800\" data-element_type=\"column\">\n\t\t\t<div class=\"elementor-widget-wrap elementor-element-populated\">\n\t\t\t\t\t\t<div class=\"elementor-element elementor-element-0508aca elementor-invisible elementor-widget elementor-widget-text-editor\" data-id=\"0508aca\" data-element_type=\"widget\" data-settings=\"{&quot;_animation&quot;:&quot;fadeInDown&quot;}\" data-widget_type=\"text-editor.default\">\n\t\t\t\t<div class=\"elementor-widget-container\">\n\t\t\t\t\t\t\t\t\t<p><img loading=\"lazy\" decoding=\"async\" class=\"aligncenter wp-image-556 size-full\" src=\"http:\/\/petersheizungsbau.de\/wp-content\/uploads\/2020\/08\/geschichte5.jpg\" alt=\"\" width=\"500\" height=\"247\" srcset=\"https:\/\/petersheizungsbau.de\/wp-content\/uploads\/2020\/08\/geschichte5.jpg 500w, https:\/\/petersheizungsbau.de\/wp-content\/uploads\/2020\/08\/geschichte5-300x148.jpg 300w\" sizes=\"(max-width: 500px) 100vw, 500px\" \/><\/p>\t\t\t\t\t\t\t\t<\/div>\n\t\t\t\t<\/div>\n\t\t\t\t\t<\/div>\n\t\t<\/div>\n\t\t\t\t\t<\/div>\n\t\t<\/section>\n\t\t\t\t\t<\/div>\n\t\t<\/div>\n\t\t\t\t\t<\/div>\n\t\t<\/section>\n\t\t\t\t<\/div>\n\t\t","protected":false},"excerpt":{"rendered":"<p>Herzlich Willkommen bei Sanit\u00e4r- und Heizungstechnik Jens Peters Ihr Fachbetrieb f\u00fcr individuelle L\u00f6sungen Erfahre mehr&#8230; Kontakt UNSERE FIRMENGESCHICHTE 1878 war [&hellip;]<\/p>\n","protected":false},"author":1,"featured_media":0,"parent":0,"menu_order":0,"comment_status":"closed","ping_status":"closed","template":"page-templates\/template_page-builder.php","meta":{"footnotes":""},"class_list":["post-526","page","type-page","status-publish","hentry"],"_links":{"self":[{"href":"https:\/\/petersheizungsbau.de\/index.php?rest_route=\/wp\/v2\/pages\/526","targetHints":{"allow":["GET"]}}],"collection":[{"href":"https:\/\/petersheizungsbau.de\/index.php?rest_route=\/wp\/v2\/pages"}],"about":[{"href":"https:\/\/petersheizungsbau.de\/index.php?rest_route=\/wp\/v2\/types\/page"}],"author":[{"embeddable":true,"href":"https:\/\/petersheizungsbau.de\/index.php?rest_route=\/wp\/v2\/users\/1"}],"replies":[{"embeddable":true,"href":"https:\/\/petersheizungsbau.de\/index.php?rest_route=%2Fwp%2Fv2%2Fcomments&post=526"}],"version-history":[{"count":26,"href":"https:\/\/petersheizungsbau.de\/index.php?rest_route=\/wp\/v2\/pages\/526\/revisions"}],"predecessor-version":[{"id":677,"href":"https:\/\/petersheizungsbau.de\/index.php?rest_route=\/wp\/v2\/pages\/526\/revisions\/677"}],"wp:attachment":[{"href":"https:\/\/petersheizungsbau.de\/index.php?rest_route=%2Fwp%2Fv2%2Fmedia&parent=526"}],"curies":[{"name":"wp","href":"https:\/\/api.w.org\/{rel}","templated":true}]}}